{"id":126,"date":"2025-10-24T17:16:12","date_gmt":"2025-10-24T17:16:12","guid":{"rendered":"https:\/\/162.edukovac.xyz\/?page_id=126"},"modified":"2025-11-03T20:41:08","modified_gmt":"2025-11-03T20:41:08","slug":"zen-proizvodi","status":"publish","type":"page","link":"https:\/\/162.edukovac.xyz\/index.php\/zen-proizvodi\/","title":{"rendered":"Zen proizvodi"},"content":{"rendered":"<p>[et_pb_section fb_built=&#8221;1&#8243; admin_label=&#8221;Header&#8221; _builder_version=&#8221;4.16&#8243; _module_preset=&#8221;default&#8221; background_color=&#8221;gcid-3220d614-11ef-41f3-b560-a7a4ea239e4a&#8221; background_enable_image=&#8221;off&#8221; bottom_divider_style=&#8221;asymmetric&#8221; bottom_divider_color=&#8221;#f8f7f1&#8243; bottom_divider_height=&#8221;420px&#8221; bottom_divider_height_tablet=&#8221;150px&#8221; bottom_divider_height_phone=&#8221;80px&#8221; bottom_divider_height_last_edited=&#8221;on|phone&#8221; locked=&#8221;off&#8221; global_colors_info=&#8221;{%22gcid-b7ae3181-c0a1-4e39-b1c4-5ca6dc7b3094%22:%91%93,%22gcid-3220d614-11ef-41f3-b560-a7a4ea239e4a%22:%91%93}&#8221;][et_pb_row _builder_version=&#8221;4.16&#8243; _module_preset=&#8221;default&#8221; global_colors_info=&#8221;{}&#8221;][et_pb_column type=&#8221;4_4&#8243; _builder_version=&#8221;4.16&#8243; _module_preset=&#8221;default&#8221; global_colors_info=&#8221;{}&#8221;][et_pb_text _builder_version=&#8221;4.16&#8243; _module_preset=&#8221;77bd6224-541c-4dfa-aa0c-4832456a9557&#8243; header_font=&#8221;Berkshire Swash||||||||&#8221; header_text_color=&#8221;#000000&#8243; header_font_size=&#8221;100px&#8221; header_font_size_tablet=&#8221;50px&#8221; header_font_size_phone=&#8221;28px&#8221; header_font_size_last_edited=&#8221;on|phone&#8221; locked=&#8221;off&#8221; global_colors_info=&#8221;{}&#8221;]<\/p>\n<h1>Na\u0161i proizvodi<\/h1>\n<p>[\/et_pb_text][\/et_pb_column][\/et_pb_row][\/et_pb_section][et_pb_section fb_built=&#8221;1&#8243; admin_label=&#8221;Blog&#8221; _builder_version=&#8221;4.16&#8243; _module_preset=&#8221;default&#8221; background_color=&#8221;#F8F7F1&#8243; global_colors_info=&#8221;{}&#8221;][et_pb_row column_structure=&#8221;1_3,1_3,1_3&#8243; _builder_version=&#8221;4.16&#8243; _module_preset=&#8221;default&#8221; global_colors_info=&#8221;{}&#8221;][et_pb_column type=&#8221;1_3&#8243; _builder_version=&#8221;4.16&#8243; _module_preset=&#8221;default&#8221; global_colors_info=&#8221;{}&#8221;][et_pb_image src=&#8221;https:\/\/162.edukovac.xyz\/wp-content\/uploads\/2025\/10\/Strawberry-Cheesecake-Cookies-Edited-90.jpg&#8221; alt=&#8221;Zen proizvod od jagode&#8221; title_text=&#8221;Strawberry-Cheesecake-Cookies-Edited-90&#8243; _builder_version=&#8221;4.27.4&#8243; _module_preset=&#8221;default&#8221; width=&#8221;100%&#8221; max_width=&#8221;100%&#8221; min_height=&#8221;426px&#8221; border_radii=&#8221;on|20px|20px|20px|20px&#8221; global_colors_info=&#8221;{}&#8221;][\/et_pb_image][et_pb_text _builder_version=&#8221;4.27.4&#8243; _module_preset=&#8221;default&#8221; text_font=&#8221;Bellota||||||||&#8221; text_text_color=&#8221;#000000&#8243; header_font=&#8221;Acme||||||||&#8221; header_text_color=&#8221;#E02B20&#8243; header_3_text_color=&#8221;#E02B20&#8243; global_colors_info=&#8221;{}&#8221;]<\/p>\n<h3 data-start=\"61\" data-end=\"90\"><strong data-start=\"65\" data-end=\"88\">Zen Kola\u010d od Jagode<\/strong><\/h3>\n<p data-start=\"91\" data-end=\"380\">Ovaj lagani i so\u010dni Zen kola\u010d od jagode spaja savr\u0161eno mekano testo sa prirodnom slatko\u0107om sve\u017eih jagoda. Svaki zalogaj pru\u017ea harmoniju ukusa i boja, donose\u0107i pravu radost ljubiteljima <a href=\"https:\/\/web.coolinarika.com\/inspiracija\/vocne-slastice-4b847806-610e-11eb-957f-0242ac120054\">vo\u0107nih poslastica<\/a>. Idealan je kao desert uz popodnevnu kafu ili kao posebna poslastica za sve prilike.<\/p>\n<p>[\/et_pb_text][\/et_pb_column][et_pb_column type=&#8221;1_3&#8243; _builder_version=&#8221;4.16&#8243; _module_preset=&#8221;default&#8221; global_colors_info=&#8221;{}&#8221;][et_pb_image src=&#8221;https:\/\/162.edukovac.xyz\/wp-content\/uploads\/2025\/10\/images-1.jpeg&#8221; alt=&#8221;Zen proizvod od \u010dokolade&#8221; title_text=&#8221;images (1)&#8221; _builder_version=&#8221;4.27.4&#8243; _module_preset=&#8221;default&#8221; width=&#8221;100%&#8221; max_width=&#8221;100%&#8221; min_height=&#8221;426px&#8221; border_radii=&#8221;on|20px|20px|20px|20px&#8221; global_colors_info=&#8221;{}&#8221;][\/et_pb_image][et_pb_text _builder_version=&#8221;4.27.4&#8243; _module_preset=&#8221;default&#8221; text_font=&#8221;Bellota||||||||&#8221; header_3_text_color=&#8221;#5A0C1C&#8221; global_colors_info=&#8221;{}&#8221;]<\/p>\n<h3 data-start=\"51\" data-end=\"82\"><strong data-start=\"55\" data-end=\"80\">Zen Kola\u010d od \u010cokolade (na\u0161 najprodavaniji Zen proizvod)<\/strong><\/h3>\n<p data-start=\"83\" data-end=\"313\">Na\u0161 Zen kola\u010d od \u010dokolade je prava poslastica za ljubitelje bogatih i intenzivnih ukusa. So\u010dno \u010dokoladno testo u kombinaciji sa kremastim \u010dokoladnim nadevom pru\u017ea savr\u0161enu ravnote\u017eu izme\u0111u slatko\u0107e i rasko\u0161nog \u010dokoladnog u\u017eitka.<\/p>\n<p>[\/et_pb_text][\/et_pb_column][et_pb_column type=&#8221;1_3&#8243; _builder_version=&#8221;4.16&#8243; _module_preset=&#8221;default&#8221; global_colors_info=&#8221;{}&#8221;][et_pb_image src=&#8221;https:\/\/162.edukovac.xyz\/wp-content\/uploads\/2025\/10\/4VrueFFw-3-1.jpg&#8221; alt=&#8221;Zen proizvod od mleka&#8221; title_text=&#8221;4VrueFFw-3&#8243; _builder_version=&#8221;4.27.4&#8243; _module_preset=&#8221;default&#8221; width=&#8221;100%&#8221; max_width=&#8221;100%&#8221; min_height=&#8221;426px&#8221; border_radii=&#8221;on|20px|20px|20px|20px&#8221; global_colors_info=&#8221;{}&#8221;][\/et_pb_image][et_pb_text _builder_version=&#8221;4.27.4&#8243; _module_preset=&#8221;default&#8221; text_font=&#8221;Bellota||||||||&#8221; header_3_text_color=&#8221;#E09900&#8243; global_colors_info=&#8221;{}&#8221;]<\/p>\n<h3 data-start=\"48\" data-end=\"76\"><strong data-start=\"52\" data-end=\"74\">Zen Kola\u010d Klasi\u010dni<\/strong><\/h3>\n<p data-start=\"77\" data-end=\"301\">Na\u0161 klasi\u010dni Zen kola\u010d donosi jednostavnu eleganciju i prepoznatljiv ukus koji nikad ne izlazi iz mode. Mekano i so\u010dno testo, pripremljeno po tradicionalnoj recepturi, pru\u017ea savr\u0161en balans izme\u0111u slatko\u0107e i ne\u017ene teksture<\/p>\n<p>[\/et_pb_text][\/et_pb_column][\/et_pb_row][et_pb_row column_structure=&#8221;1_3,1_3,1_3&#8243; _builder_version=&#8221;4.16&#8243; _module_preset=&#8221;default&#8221; global_colors_info=&#8221;{}&#8221;][et_pb_column type=&#8221;1_3&#8243; _builder_version=&#8221;4.16&#8243; _module_preset=&#8221;default&#8221; global_colors_info=&#8221;{}&#8221;][et_pb_image src=&#8221;https:\/\/162.edukovac.xyz\/wp-content\/uploads\/2025\/10\/Chocolate-Chip-Cookies-1.jpg&#8221; title_text=&#8221;Chocolate-Chip-Cookies&#8221; _builder_version=&#8221;4.16&#8243; _module_preset=&#8221;default&#8221; width=&#8221;100%&#8221; max_width=&#8221;100%&#8221; min_height=&#8221;426px&#8221; border_radii=&#8221;on|20px|20px|20px|20px&#8221; global_colors_info=&#8221;{}&#8221;][\/et_pb_image][et_pb_text _builder_version=&#8221;4.16&#8243; _module_preset=&#8221;default&#8221; text_font=&#8221;Bellota||||||||&#8221; header_3_text_color=&#8221;#FFFFFF&#8221; global_colors_info=&#8221;{}&#8221;]<\/p>\n<h3 data-start=\"46\" data-end=\"72\"><strong data-start=\"50\" data-end=\"70\">Zen Kola\u010d Mle\u010dni<\/strong><\/h3>\n<p data-start=\"73\" data-end=\"317\">Na\u0161 mle\u010dni Zen kola\u010d odu\u0161evljava svojom blagom i kremastom teksturom koja topi u ustima. Lagano, so\u010dno testo u kombinaciji sa ne\u017enim mle\u010dnim nadevom pru\u017ea savr\u0161enu harmoniju ukusa, idealnu za sve koji vole poslastice koje nisu previ\u0161e slatke.<\/p>\n<p>[\/et_pb_text][\/et_pb_column][et_pb_column type=&#8221;1_3&#8243; _builder_version=&#8221;4.16&#8243; _module_preset=&#8221;default&#8221; global_colors_info=&#8221;{}&#8221;][et_pb_image src=&#8221;https:\/\/162.edukovac.xyz\/wp-content\/uploads\/2025\/10\/Matcha-cookies-3050623.1.1.jpg&#8221; title_text=&#8221;Matcha-cookies-3050623.1.1&#8243; _builder_version=&#8221;4.16&#8243; _module_preset=&#8221;default&#8221; width=&#8221;100%&#8221; max_width=&#8221;100%&#8221; min_height=&#8221;426px&#8221; border_radii=&#8221;on|20px|20px|20px|20px&#8221; global_colors_info=&#8221;{}&#8221;][\/et_pb_image][et_pb_text _builder_version=&#8221;4.16&#8243; _module_preset=&#8221;default&#8221; text_font=&#8221;Bellota||||||||&#8221; header_3_text_color=&#8221;#7CDA24&#8243; global_colors_info=&#8221;{}&#8221;]<\/p>\n<h3 data-start=\"46\" data-end=\"72\"><strong data-start=\"50\" data-end=\"70\">Zen Kola\u010d Matcha<\/strong><\/h3>\n<p data-start=\"73\" data-end=\"290\">Na\u0161 Zen kola\u010d sa matcha prahom spaja delikatnu aromu japanskog zelenog \u010daja sa mekanim i so\u010dnim testom. Svaki zalogaj pru\u017ea osve\u017eavaju\u0107u notu i blagu gor\u010dinu matcha \u010daja, koja se savr\u0161eno uklapa sa slatko\u0107om kola\u010da.<\/p>\n<p>[\/et_pb_text][et_pb_button button_url=&#8221;https:\/\/162.edukovac.xyz\/index.php\/kontakt\/&#8221; button_text=&#8221;Naru\u010di svoj omiljeni Zen kola\u010d!&#8221; button_alignment=&#8221;center&#8221; _builder_version=&#8221;4.16&#8243; _module_preset=&#8221;default&#8221; custom_button=&#8221;on&#8221; button_text_size=&#8221;21px&#8221; button_text_color=&#8221;#000000&#8243; button_bg_use_color_gradient=&#8221;on&#8221; button_bg_color_gradient_stops=&#8221;#8300e9 0%|#ffffff 100%&#8221; button_bg_color_gradient_start=&#8221;#8300e9&#8243; button_bg_color_gradient_end=&#8221;#ffffff&#8221; button_border_width=&#8221;2px&#8221; button_border_color=&#8221;#000000&#8243; button_border_radius=&#8221;76px&#8221; button_font=&#8221;Poppins||||||||&#8221; button_text_shadow_style=&#8221;preset3&#8243; global_colors_info=&#8221;{}&#8221;][\/et_pb_button][\/et_pb_column][et_pb_column type=&#8221;1_3&#8243; _builder_version=&#8221;4.16&#8243; _module_preset=&#8221;default&#8221; global_colors_info=&#8221;{}&#8221;][et_pb_image src=&#8221;https:\/\/162.edukovac.xyz\/wp-content\/uploads\/2025\/10\/FLUFFY-Vegan-Gluten-Free-Sugar-Cookies-1-Bowl-required-fluffy-perfectly-sweet-vegan-glutenfree-sugarcookies-christmas-recipe.jpg&#8221; title_text=&#8221;FLUFFY-Vegan-Gluten-Free-Sugar-Cookies-1-Bowl-required-fluffy-perfectly-sweet-vegan-glutenfree-sugarcookies-christmas-recipe&#8221; _builder_version=&#8221;4.16&#8243; _module_preset=&#8221;default&#8221; width=&#8221;100%&#8221; max_width=&#8221;100%&#8221; min_height=&#8221;426px&#8221; border_radii=&#8221;on|20px|20px|20px|20px&#8221; global_colors_info=&#8221;{}&#8221;][\/et_pb_image][et_pb_text _builder_version=&#8221;4.16&#8243; _module_preset=&#8221;default&#8221; text_font=&#8221;Bellota||||||||&#8221; header_3_text_color=&#8221;#8300E9&#8243; global_colors_info=&#8221;{}&#8221;]<\/p>\n<h3 data-start=\"48\" data-end=\"76\"><strong data-start=\"52\" data-end=\"74\">Zen Kola\u010d Specijal<\/strong><\/h3>\n<p data-start=\"77\" data-end=\"275\">Na\u0161 Zen Kola\u010d Specijal je prava poslastica za sve koji \u017eele ne\u0161to jedinstveno. Spoj bogatih ukusa, pa\u017eljivo odabranih sastojaka i kreativnog dizajna \u010dini svaki zalogaj posebnom avanturom za nepca.<\/p>\n<p>[\/et_pb_text][\/et_pb_column][\/et_pb_row][\/et_pb_section][et_pb_section fb_built=&#8221;1&#8243; admin_label=&#8221;Footer&#8221; _builder_version=&#8221;4.16&#8243; _module_preset=&#8221;default&#8221; background_color=&#8221;gcid-36cbb27d-c601-4091-a5c8-a60832ef3623&#8243; custom_padding=&#8221;||||false|false&#8221; saved_tabs=&#8221;all&#8221; locked=&#8221;off&#8221; global_colors_info=&#8221;{%22gcid-36cbb27d-c601-4091-a5c8-a60832ef3623%22:%91%93}&#8221;][et_pb_row _builder_version=&#8221;4.16&#8243; _module_preset=&#8221;default&#8221; global_colors_info=&#8221;{}&#8221;][et_pb_column type=&#8221;4_4&#8243; _builder_version=&#8221;4.16&#8243; _module_preset=&#8221;default&#8221; global_colors_info=&#8221;{}&#8221;][et_pb_circle_counter title=&#8221;ZADOVOLJNIH MU\u0160TERIJA&#8221; number=&#8221;100&#8243; bar_bg_color=&#8221;#000000&#8243; circle_color=&#8221;#FFFFFF&#8221; _builder_version=&#8221;4.27.4&#8243; _module_preset=&#8221;default&#8221; title_font=&#8221;|800|||||||&#8221; title_text_color=&#8221;#8300E9&#8243; title_font_size=&#8221;21px&#8221; number_text_color=&#8221;#DF52FF&#8221; number_font_size=&#8221;49px&#8221; background_enable_color=&#8221;off&#8221; background_enable_image=&#8221;off&#8221; width=&#8221;99%&#8221; animation_style=&#8221;roll&#8221; title_text_shadow_style=&#8221;preset1&#8243; number_text_shadow_style=&#8221;preset2&#8243; box_shadow_style=&#8221;preset2&#8243; global_colors_info=&#8221;{}&#8221;][\/et_pb_circle_counter][et_pb_heading title=&#8221;Zadovoljni klijenti Zen proizvoda&#8221; _builder_version=&#8221;4.27.4&#8243; _module_preset=&#8221;default&#8221; title_level=&#8221;h2&#8243; title_font=&#8221;Quicksand||||||||&#8221; hover_enabled=&#8221;0&#8243; sticky_enabled=&#8221;0&#8243;][\/et_pb_heading][et_pb_text _builder_version=&#8221;4.27.4&#8243; _module_preset=&#8221;default&#8221; header_font_size=&#8221;35px&#8221; header_2_text_color=&#8221;#E09900&#8243; hover_enabled=&#8221;0&#8243; sticky_enabled=&#8221;0&#8243; text_font_size=&#8221;19px&#8221; text_letter_spacing=&#8221;1px&#8221;]<\/p>\n<p>U Zen proizvodima svaka porcija nosi deo ljubavi, pa\u017enje i posve\u0107enosti koje ula\u017eemo u svaki korak pripreme. Na\u0161i kupci prepoznaju autenti\u010dan ukus doma\u0107ih, ru\u010dno pravljenih kola\u010da i zato nam se stalno vra\u0107aju. Posebno su ponosni na to \u0161to u\u017eivaju u zdravijim i prirodnim poslasticama, napravljenim bez ve\u0161ta\u010dkih dodataka i s pa\u017eljivo odabranim sastojcima.<br data-start=\"464\" data-end=\"467\" \/>Njihovo zadovoljstvo i pozitivni komentari motivi\u0161u nas da budemo jo\u0161 bolji, da stalno uvodimo nove ukuse i unapre\u0111ujemo kvalitet. Za nas, svaki osmeh zadovoljnog klijenta najve\u0107a je potvrda da radimo pravu stvar.<\/p>\n<p>[\/et_pb_text][\/et_pb_column][\/et_pb_row][\/et_pb_section]<\/p>\n","protected":false},"excerpt":{"rendered":"<p>Na\u0161i proizvodiZen Kola\u010d od Jagode Ovaj lagani i so\u010dni Zen kola\u010d od jagode spaja savr\u0161eno mekano testo sa prirodnom slatko\u0107om sve\u017eih jagoda. Svaki zalogaj pru\u017ea harmoniju ukusa i boja, donose\u0107i pravu radost ljubiteljima vo\u0107nih poslastica. Idealan je kao desert uz popodnevnu kafu ili kao posebna poslastica za sve prilike.Zen Kola\u010d od \u010cokolade (na\u0161 najprodavaniji Zen [&hellip;]<\/p>\n","protected":false},"author":1,"featured_media":0,"parent":0,"menu_order":0,"comment_status":"closed","ping_status":"closed","template":"","meta":{"_et_pb_use_builder":"on","_et_pb_old_content":"","_et_gb_content_width":"","footnotes":""},"class_list":["post-126","page","type-page","status-publish","hentry"],"yoast_head":"<!-- This site is optimized with the Yoast SEO plugin v26.2 - https:\/\/yoast.com\/wordpress\/plugins\/seo\/ -->\n<title>Zen proizvodi - Zen Cookies - zdravi domaci kola\u010di sa puno novih ukusa<\/title>\n<meta name=\"description\" content=\"Zen proizvodi su pravljeni po posbenoj recepturi bez ve\u0161ta\u010dkih zasladjiva\u010da i \u0161e\u0107era. Zen proizvodi nude kvalitet i najlep\u0161e ukuse.\" \/>\n<meta name=\"robots\" content=\"index, follow, max-snippet:-1, max-image-preview:large, max-video-preview:-1\" \/>\n<link rel=\"canonical\" href=\"https:\/\/162.edukovac.xyz\/index.php\/zen-proizvodi\/\" \/>\n<meta property=\"og:locale\" content=\"en_US\" \/>\n<meta property=\"og:type\" content=\"article\" \/>\n<meta property=\"og:title\" content=\"Zen proizvodi - Zen Cookies - zdravi domaci kola\u010di sa puno novih ukusa\" \/>\n<meta property=\"og:description\" content=\"Zen proizvodi su pravljeni po posbenoj recepturi bez ve\u0161ta\u010dkih zasladjiva\u010da i \u0161e\u0107era. Zen proizvodi nude kvalitet i najlep\u0161e ukuse.\" \/>\n<meta property=\"og:url\" content=\"https:\/\/162.edukovac.xyz\/index.php\/zen-proizvodi\/\" \/>\n<meta property=\"og:site_name\" content=\"Zen Cookies - zdravi domaci kola\u010di\" \/>\n<meta property=\"article:modified_time\" content=\"2025-11-03T20:41:08+00:00\" \/>\n<meta name=\"twitter:card\" content=\"summary_large_image\" \/>\n<meta name=\"twitter:label1\" content=\"Est. reading time\" \/>\n\t<meta name=\"twitter:data1\" content=\"3 minutes\" \/>\n<script type=\"application\/ld+json\" class=\"yoast-schema-graph\">{\"@context\":\"https:\/\/schema.org\",\"@graph\":[{\"@type\":\"WebPage\",\"@id\":\"https:\/\/162.edukovac.xyz\/index.php\/zen-proizvodi\/\",\"url\":\"https:\/\/162.edukovac.xyz\/index.php\/zen-proizvodi\/\",\"name\":\"Zen proizvodi - Zen Cookies - zdravi domaci kola\u010di sa puno novih ukusa\",\"isPartOf\":{\"@id\":\"https:\/\/162.edukovac.xyz\/#website\"},\"datePublished\":\"2025-10-24T17:16:12+00:00\",\"dateModified\":\"2025-11-03T20:41:08+00:00\",\"description\":\"Zen proizvodi su pravljeni po posbenoj recepturi bez ve\u0161ta\u010dkih zasladjiva\u010da i \u0161e\u0107era. Zen proizvodi nude kvalitet i najlep\u0161e ukuse.\",\"breadcrumb\":{\"@id\":\"https:\/\/162.edukovac.xyz\/index.php\/zen-proizvodi\/#breadcrumb\"},\"inLanguage\":\"en-US\",\"potentialAction\":[{\"@type\":\"ReadAction\",\"target\":[\"https:\/\/162.edukovac.xyz\/index.php\/zen-proizvodi\/\"]}]},{\"@type\":\"BreadcrumbList\",\"@id\":\"https:\/\/162.edukovac.xyz\/index.php\/zen-proizvodi\/#breadcrumb\",\"itemListElement\":[{\"@type\":\"ListItem\",\"position\":1,\"name\":\"Home\",\"item\":\"https:\/\/162.edukovac.xyz\/\"},{\"@type\":\"ListItem\",\"position\":2,\"name\":\"Zen proizvodi\"}]},{\"@type\":\"WebSite\",\"@id\":\"https:\/\/162.edukovac.xyz\/#website\",\"url\":\"https:\/\/162.edukovac.xyz\/\",\"name\":\"Zen Cookies\",\"description\":\"Ru\u010dno pravljeni kola\u010di puni ljubavi\",\"publisher\":{\"@id\":\"https:\/\/162.edukovac.xyz\/#organization\"},\"potentialAction\":[{\"@type\":\"SearchAction\",\"target\":{\"@type\":\"EntryPoint\",\"urlTemplate\":\"https:\/\/162.edukovac.xyz\/?s={search_term_string}\"},\"query-input\":{\"@type\":\"PropertyValueSpecification\",\"valueRequired\":true,\"valueName\":\"search_term_string\"}}],\"inLanguage\":\"en-US\"},{\"@type\":\"Organization\",\"@id\":\"https:\/\/162.edukovac.xyz\/#organization\",\"name\":\"Zen Cookies\",\"url\":\"https:\/\/162.edukovac.xyz\/\",\"logo\":{\"@type\":\"ImageObject\",\"inLanguage\":\"en-US\",\"@id\":\"https:\/\/162.edukovac.xyz\/#\/schema\/logo\/image\/\",\"url\":\"https:\/\/162.edukovac.xyz\/wp-content\/uploads\/2025\/10\/cropped-cbb16db32354587ffae8313566ce7a5a.jpg\",\"contentUrl\":\"https:\/\/162.edukovac.xyz\/wp-content\/uploads\/2025\/10\/cropped-cbb16db32354587ffae8313566ce7a5a.jpg\",\"width\":512,\"height\":512,\"caption\":\"Zen Cookies\"},\"image\":{\"@id\":\"https:\/\/162.edukovac.xyz\/#\/schema\/logo\/image\/\"}}]}<\/script>\n<!-- \/ Yoast SEO plugin. -->","yoast_head_json":{"title":"Zen proizvodi - Zen Cookies - zdravi domaci kola\u010di sa puno novih ukusa","description":"Zen proizvodi su pravljeni po posbenoj recepturi bez ve\u0161ta\u010dkih zasladjiva\u010da i \u0161e\u0107era. Zen proizvodi nude kvalitet i najlep\u0161e ukuse.","robots":{"index":"index","follow":"follow","max-snippet":"max-snippet:-1","max-image-preview":"max-image-preview:large","max-video-preview":"max-video-preview:-1"},"canonical":"https:\/\/162.edukovac.xyz\/index.php\/zen-proizvodi\/","og_locale":"en_US","og_type":"article","og_title":"Zen proizvodi - Zen Cookies - zdravi domaci kola\u010di sa puno novih ukusa","og_description":"Zen proizvodi su pravljeni po posbenoj recepturi bez ve\u0161ta\u010dkih zasladjiva\u010da i \u0161e\u0107era. Zen proizvodi nude kvalitet i najlep\u0161e ukuse.","og_url":"https:\/\/162.edukovac.xyz\/index.php\/zen-proizvodi\/","og_site_name":"Zen Cookies - zdravi domaci kola\u010di","article_modified_time":"2025-11-03T20:41:08+00:00","twitter_card":"summary_large_image","twitter_misc":{"Est. reading time":"3 minutes"},"schema":{"@context":"https:\/\/schema.org","@graph":[{"@type":"WebPage","@id":"https:\/\/162.edukovac.xyz\/index.php\/zen-proizvodi\/","url":"https:\/\/162.edukovac.xyz\/index.php\/zen-proizvodi\/","name":"Zen proizvodi - Zen Cookies - zdravi domaci kola\u010di sa puno novih ukusa","isPartOf":{"@id":"https:\/\/162.edukovac.xyz\/#website"},"datePublished":"2025-10-24T17:16:12+00:00","dateModified":"2025-11-03T20:41:08+00:00","description":"Zen proizvodi su pravljeni po posbenoj recepturi bez ve\u0161ta\u010dkih zasladjiva\u010da i \u0161e\u0107era. Zen proizvodi nude kvalitet i najlep\u0161e ukuse.","breadcrumb":{"@id":"https:\/\/162.edukovac.xyz\/index.php\/zen-proizvodi\/#breadcrumb"},"inLanguage":"en-US","potentialAction":[{"@type":"ReadAction","target":["https:\/\/162.edukovac.xyz\/index.php\/zen-proizvodi\/"]}]},{"@type":"BreadcrumbList","@id":"https:\/\/162.edukovac.xyz\/index.php\/zen-proizvodi\/#breadcrumb","itemListElement":[{"@type":"ListItem","position":1,"name":"Home","item":"https:\/\/162.edukovac.xyz\/"},{"@type":"ListItem","position":2,"name":"Zen proizvodi"}]},{"@type":"WebSite","@id":"https:\/\/162.edukovac.xyz\/#website","url":"https:\/\/162.edukovac.xyz\/","name":"Zen Cookies","description":"Ru\u010dno pravljeni kola\u010di puni ljubavi","publisher":{"@id":"https:\/\/162.edukovac.xyz\/#organization"},"potentialAction":[{"@type":"SearchAction","target":{"@type":"EntryPoint","urlTemplate":"https:\/\/162.edukovac.xyz\/?s={search_term_string}"},"query-input":{"@type":"PropertyValueSpecification","valueRequired":true,"valueName":"search_term_string"}}],"inLanguage":"en-US"},{"@type":"Organization","@id":"https:\/\/162.edukovac.xyz\/#organization","name":"Zen Cookies","url":"https:\/\/162.edukovac.xyz\/","logo":{"@type":"ImageObject","inLanguage":"en-US","@id":"https:\/\/162.edukovac.xyz\/#\/schema\/logo\/image\/","url":"https:\/\/162.edukovac.xyz\/wp-content\/uploads\/2025\/10\/cropped-cbb16db32354587ffae8313566ce7a5a.jpg","contentUrl":"https:\/\/162.edukovac.xyz\/wp-content\/uploads\/2025\/10\/cropped-cbb16db32354587ffae8313566ce7a5a.jpg","width":512,"height":512,"caption":"Zen Cookies"},"image":{"@id":"https:\/\/162.edukovac.xyz\/#\/schema\/logo\/image\/"}}]}},"_links":{"self":[{"href":"https:\/\/162.edukovac.xyz\/index.php\/wp-json\/wp\/v2\/pages\/126","targetHints":{"allow":["GET"]}}],"collection":[{"href":"https:\/\/162.edukovac.xyz\/index.php\/wp-json\/wp\/v2\/pages"}],"about":[{"href":"https:\/\/162.edukovac.xyz\/index.php\/wp-json\/wp\/v2\/types\/page"}],"author":[{"embeddable":true,"href":"https:\/\/162.edukovac.xyz\/index.php\/wp-json\/wp\/v2\/users\/1"}],"replies":[{"embeddable":true,"href":"https:\/\/162.edukovac.xyz\/index.php\/wp-json\/wp\/v2\/comments?post=126"}],"version-history":[{"count":13,"href":"https:\/\/162.edukovac.xyz\/index.php\/wp-json\/wp\/v2\/pages\/126\/revisions"}],"predecessor-version":[{"id":270,"href":"https:\/\/162.edukovac.xyz\/index.php\/wp-json\/wp\/v2\/pages\/126\/revisions\/270"}],"wp:attachment":[{"href":"https:\/\/162.edukovac.xyz\/index.php\/wp-json\/wp\/v2\/media?parent=126"}],"curies":[{"name":"wp","href":"https:\/\/api.w.org\/{rel}","templated":true}]}}